the highest common divisor of 361 and s?
361
Let h = 11164 + -11110. Suppose 0*t = -2*t + 144. What is the greatest common factor of t and h?
18
Suppose -28 = -m + 40. Let s = -60772 - -61010. Calculate the highest common divisor of m and s.
34
Let w = -28595 + 28745. What is the highest common divisor of w and 1830?
30
Let w = -8615 - -9203. What is the highest common factor of 2436 and w?
84
Let z(a) = 22*a**2 - 591*a + 105. Let m be z(27). Calculate the highest common factor of m and 252.
6
Suppose -f - 5*i = -32, -134*f - 4*i + 32 = -130*f. Calculate the greatest common factor of 3862 and f.
2
Suppose 3360 = 21*z + 3*z. Let a(c) = -16*c. Let k be a(5). Let t = z + k. What is the highest common factor of 15 and t?
15
Let n = 5044 - 4652. Let a = 77 - 28. Calculate the greatest common divisor of n and a.
49
Suppose j = -0*j + 25. Let s be 2/7 - 17/(4641/(-109122)). Calculate the greatest common divisor of s and j.
25
Let y = -145 - -292. Let l be (98/(-6))/(2226/(-5724)). Calculate the highest common divisor of l and y.
21
Suppose 6*w - 5*w - 28 = 0. Let g(l) = 48*l**3 + 37*l**2 - 87*l + 6. Let d be g(2). Calculate the greatest common divisor of w and d.
28
Let o = -34 - -16. Let z = o - -19. Suppose k = n - 0*n - z, -3*k + 4*n = 7. What is the highest common divisor of k and 15?
3
Let j be (2/7)/((-12)/(-168)). Let g = -12 + 98. What is the greatest common factor of j and g?
2
Suppose -14*i + 51 + 523 = 0. Let l(b) = 7*b**2 - b - 5. Let s be l(-8). Calculate the greatest common factor of s and i.
41
Let m be (-32)/20*(-120)/4. Suppose 51*h = m*h + 111. Suppose 3*b = -f + 410, 3 = b + 2. Calculate the highest common factor of h and f.
37
Suppose 4*p + 6715*x - 1341 = 6720*x, 0 = -3*p + 4*x + 1008. Let u = -50 - -122. Calculate the greatest common divisor of u and p.
36
Let y = -40 - -41. Suppose 4 = h - y. Suppose -2*w - 170 = -4*v, h*w - 4*w = -3*v + 140. What is the highest common divisor of 5 and v?
5
Suppose -20*m = -3*h - 21*m + 212, -3*m + 348 = 5*h. Let u = 17 + -9. What is the highest common factor of u and h?
8
Suppose 2*z + 16*t - 21*t - 9 = 0, 42 = 4*z - 2*t. Calculate the greatest common divisor of 15 and z.
3
Let t = 4207 + -4188. What is the greatest common divisor of t and 12521?
19
Let h = -32612 - -32796. Calculate the greatest common factor of h and 20516.
92
Let a = -22 + 22. Let l be 2*(a/(-2) + (7 - 9)). Let y be l*(-1)/(-10) + 126/15. Calculate the greatest common divisor of y and 12.
4
Suppose 35*h - 1128 = 57*h - 34*h. What is the greatest common factor of 5358 and h?
94
Suppose -3*z + 17228 = -2*j - 34600, -4*z - 4*j + 69124 = 0. Calculate the highest common divisor of z and 106.
106
Let a be (-3)/15 - (95/25 + -4). Suppose 5*x - 4*i - 57 = a, -2 = -3*i - 11. What is the highest common divisor of x and 153?
9
Suppose 39*g - 43*g + 2*y + 1548 = 0, 2*g - 754 = -4*y. Calculate the greatest common divisor of g and 847.
77
Suppose 39*r - 51262 = -51*r + 19*r. What is the highest common factor of 494 and r?
38
Suppose 7 - 3 = 2*z. Let d(n) = -n**3 + 14*n + 15. Let p be d(4). Suppose z*l = -3*f + 8*f + 20, -l + p = -f. Calculate the greatest common factor of l and 25.
5
Suppose -i + 2 - 17 = -3*u, -5*i = 3*u + 3. Let v be 24 - -10 - (-2 + u). Calculate the greatest common factor of v and 16.
16
Let y be (0 + 3 + -7 + 16)*32. Calculate the highest common divisor of 24 and y.
24
Suppose -2*c = 137*o - 132*o - 2683, 0 = 5*c - 2*o - 6751. What is the greatest common divisor of c and 355?
71
Let v(g) = -2*g**2 + 165*g - 74. Let f be v(82). Let b be (-12)/(-2)*(1 - 0). Calculate the highest common factor of b and f.
2
Let g = 117 - 92. Suppose 5*i = 5*w + g, -4*i - w + 8 + 7 = 0. Calculate the highest common factor of i and 8.
4
Let j = 17121 - 16959. What is the greatest common divisor of j and 621?
27
Suppose y + 4*y = 120. Suppose -745*u - 72 = -1498*u + 744*u. Calculate the highest common factor of u and y.
8
Suppose 27*s = -5*s - 544. Let k = s + 20. Calculate the greatest common factor of 3 and k.
3
Let g = 21 - 36. Let j(c) = c**2 + 11*c - 16. Let q be j(g). What is the highest common factor of 77 and q?
11
Let d(m) = -m**2 + 21*m - 60. Let s be d(9). Calculate the greatest common factor of 7408 and s.
16
Let g = -40 - -24. Let i = -223 - -218. Let b be i/2*(g - -14). What is the highest common factor of b and 1?
1
Suppose -94*w + 91*w + 18 = 2*s, 5*w = -s + 16. Calculate the highest common factor of 384 and s.
6
Let u(d) = 23*d**3 + 2*d**2 - 2*d + 2. Let n(z) = -4*z + 77. Let y be n(19). Let q be u(y). Calculate the greatest common divisor of q and 20.
5
Suppose -466 = -29*l + 350 + 54. Let u(w) = w**3 - 3*w**2 + 5*w - 4. Let m be u(3). Suppose -h + m = 1. What is the highest common divisor of l and h?
10
Let r = 5198 - 5179. Calculate the greatest common factor of r and 3211.
19
Let s(y) = 468*y - 3238. Let r be s(7). What is the highest common factor of r and 31160?
38
Let l(z) = -z**3 + 34. Let c be l(0). Suppose h - 4*x - 22 = 0, 315*x - 16 = -3*h + 317*x. Calculate the highest common divisor of c and h.
2
Let y = 59 - 40. Let v(l) = l**2 - 22*l + 68. Let k be v(y). Calculate the highest common factor of k and 154.
11
Let x = 77 + -63. Let w be ((-94)/x)/((-16)/112). What is the highest common divisor of 987 and w?
47
Let f be (-30)/20 - -4 - (-166)/4. Let m = 100 - f. What is the highest common factor of 16 and m?
8
Let q(s) = 6276*s + 25109. Let p be q(-4). Suppose -3*z + 4*z = -5*f + 129, 5*z + 4*f = 561. Let m = z - 64. Calculate the highest common divisor of p and m.
5
Let v = 13423 - 9381. What is the highest common divisor of 86 and v?
86
Let s(i) = -i**3 - 37*i**2 - 81*i - 217. Let p be s(-35). What is the highest common factor of p and 1806?
42
Let f be (16/(-5))/(-4) - 1489904/(-845). Calculate the greatest common divisor of f and 72.
36
Suppose -51*w - 1115 = -1676. What is the highest common divisor of 8657 and w?
11
Suppose 128 - 110 = h. Suppose 5*t - b - 34 = -10, -2*b = 8. Suppose 0 = -t*y - 2*n + h, -n = 5*y + n - 24. Calculate the highest common divisor of 6 and y.
6
Suppose -3595 = -4*h + 9*h. Let z = -224 - h. Calculate the highest common divisor of z and 45.
45
Let a(n) = -44*n - 112. Let t be a(-19). Let o be (-1 + 22/6)*1629/t. What is the highest common factor of 6 and o?
6
Let f(n) = -n**3 - 24*n**2 - 7*n - 161. Let w be f(-24). What is the greatest common divisor of 26677 and w?
7
Suppose 524 = 6*c + 500. Let x be (c + 5 + 6)*30. What is the highest common divisor of x and 10?
10
Let g = -9477 - -24373. Calculate the greatest common divisor of g and 294.
98
Let h = -7 - 1. Let q be h/3*(-54)/9. Calculate the highest common divisor of q and 4.
4
Let f be 2 + 24*6/3. Let p(v) = 3*v + 525. Let d be p(-25). Calculate the highest common divisor of f and d.
50
Let w(m) = 56*m - 2. Let d be w(-2). Let r = d - -150. What is the highest common factor of r and 252?
36
Let v = 122 + -113. Let d be (-7)/(3*(-1)/v). What is the greatest common factor of d and 119?
7
Let n = 3786 - 3729. What is the highest common factor of n and 190?
19
Let d(o) = -o**3 + 16*o**2 - 78*o + 440. Let c be d(12). What is the highest common divisor of 4880 and c?
80
Let s = -120 + 15. Let i = s - 33. Let n be (2/4)/((-3)/i). What is the greatest common divisor of 69 and n?
23
Suppose u + 0*u - 12 = -2*f, 27 = u + 5*f. Let w be (-145)/u*(-2)/(-20)*-16. What is the highest common factor of 29 and w?
29
Suppose 3*g - 7 - 77 = 0. Suppose 0 = 6*p + 15 - 39. Suppose -u + 190 = -3*j, -6*j + 4*j + p = 0. What is the greatest common factor of u and g?
28
Let h = 5289 + -2510. What is the highest common factor of 14 and h?
7
Let p(g) = -g**3 - 20*g**2 - 3*g - 58. Let i be p(-20). Suppose -16*n + 11*n = -u - 19, i*u - 14 = -3*n. What is the greatest common divisor of 8 and u?
1
Let c = -555 + 549. Let q be ((-13)/(-5))/(c/(-30))*11. Calculate the highest common factor of 13 and q.
13
Let i(h) = -241*h**3 + 3*h + 2. Let w be 0*(-2)/8 + 3. Suppose -7*v = -w*v + 4. Let o be i(v). Calculate the greatest common divisor of 30 and o.
30
Let d(q) = 18*q + 535. Let f be d(8). What is the greatest common factor of 119 and f?
7
Suppose -n + 22 + 4 = -2*k, 3*k - 78 = -3*n. What is the highest common factor of n and 221?
13
Let b(t) = t**3 - 5*t